{"id":20247,"date":"2026-04-29T10:11:25","date_gmt":"2026-04-29T14:11:25","guid":{"rendered":"https:\/\/popfb.org\/event\/el-siglo-cristiano-de-japon-y-sus-martires\/"},"modified":"2026-04-29T10:17:27","modified_gmt":"2026-04-29T14:17:27","slug":"el-siglo-cristiano-de-japon-y-sus-martires","status":"publish","type":"tribe_events","link":"https:\/\/popfb.org\/es\/event\/el-siglo-cristiano-de-japon-y-sus-martires\/","title":{"rendered":"El Siglo Cristiano de Jap\u00f3n y sus M\u00e1rtires"},"content":{"rendered":"<p><strong>\u2022 Jueves, 28 de mayo<br \/>\n<\/strong><strong>\u2022 7pm-8:30pm<br \/>\n<\/strong><strong>\u2022 Ingl\u00e9s<\/strong><\/p>\n<p>El 15 de agosto de 1549, San Francisco Javier y un grupo de misioneros llegaron a Kagoshima, Jap\u00f3n, con el prop\u00f3sito de anunciar el Evangelio. Durante los siguientes 65 a\u00f1os, el n\u00famero de conversiones super\u00f3 las 300,000 personas, convirtiendo a Jap\u00f3n en la joya de los esfuerzos misioneros en Oriente. Sin embargo, en 1614, el cristianismo fue prohibido. En menos de 30 a\u00f1os, la fe pas\u00f3 a la clandestinidad y los cristianos enfrentaron dos opciones: apostatar o morir.   <\/p>\n<p>Acomp\u00e1\u00f1enos a conocer la historia del Siglo Cristiano de Jap\u00f3n, mientras Walt Mussell, autor de ficci\u00f3n hist\u00f3rica y apasionado de la historia japonesa, comparte la historia de estos m\u00e1rtires cat\u00f3licos poco conocidos y c\u00f3mo Jap\u00f3n lleg\u00f3 a convertirse en un lugar tan prohibido como el Jard\u00edn del Ed\u00e9n.<\/p>\n<p>La presentaci\u00f3n surge de la investigaci\u00f3n realizada por Walt para sus novelas, y tambi\u00e9n estar\u00e1 disponible para responder preguntas sobre historia cat\u00f3lica relacionadas con <em>Sh\u014dgun<\/em> y <em>Silence<\/em>.<\/p>\n<p>Para preguntas, comun\u00edquese con Suzanne Coughlin al 678-960-0056 o por correo electr\u00f3nico a suzanne@popfb.org<\/p>\n","protected":false},"excerpt":{"rendered":"<p>\u2022 Jueves, 28 de mayo \u2022 7pm-8:30pm \u2022 Ingl\u00e9s El 15 de agosto de 1549, San Francisco Javier y un grupo de misioneros llegaron a Kagoshima, Jap\u00f3n, con el prop\u00f3sito [&hellip;]<\/p>\n","protected":false},"author":1,"featured_media":20246,"template":"","meta":{"_et_pb_use_builder":"","_et_pb_old_content":"","_et_gb_content_width":"","_tribe_events_status":"","_tribe_events_status_reason":"","_tribe_events_is_hybrid":"","_tribe_events_is_virtual":"","_tribe_events_virtual_video_source":"","_tribe_events_virtual_embed_video":"","_tribe_events_virtual_linked_button_text":"","_tribe_events_virtual_linked_button":"","_tribe_events_virtual_show_embed_at":"","_tribe_events_virtual_show_embed_to":[],"_tribe_events_virtual_show_on_event":"","_tribe_events_virtual_show_on_views":"","_tribe_events_virtual_url":"","footnotes":""},"tags":[],"tribe_events_cat":[46,37],"class_list":["post-20247","tribe_events","type-tribe_events","status-publish","has-post-thumbnail","hentry","tribe_events_cat-eventos-destacados","tribe_events_cat-formacion-de-fe-para-adultos","cat_eventos-destacados","cat_formacion-de-fe-para-adultos"],"publishpress_future_workflow_manual_trigger":{"enabledWorkflows":[]},"_links":{"self":[{"href":"https:\/\/popfb.org\/es\/wp-json\/wp\/v2\/tribe_events\/20247","targetHints":{"allow":["GET"]}}],"collection":[{"href":"https:\/\/popfb.org\/es\/wp-json\/wp\/v2\/tribe_events"}],"about":[{"href":"https:\/\/popfb.org\/es\/wp-json\/wp\/v2\/types\/tribe_events"}],"author":[{"embeddable":true,"href":"https:\/\/popfb.org\/es\/wp-json\/wp\/v2\/users\/1"}],"version-history":[{"count":3,"href":"https:\/\/popfb.org\/es\/wp-json\/wp\/v2\/tribe_events\/20247\/revisions"}],"predecessor-version":[{"id":20253,"href":"https:\/\/popfb.org\/es\/wp-json\/wp\/v2\/tribe_events\/20247\/revisions\/20253"}],"wp:featuredmedia":[{"embeddable":true,"href":"https:\/\/popfb.org\/es\/wp-json\/wp\/v2\/media\/20246"}],"wp:attachment":[{"href":"https:\/\/popfb.org\/es\/wp-json\/wp\/v2\/media?parent=20247"}],"wp:term":[{"taxonomy":"post_tag","embeddable":true,"href":"https:\/\/popfb.org\/es\/wp-json\/wp\/v2\/tags?post=20247"},{"taxonomy":"tribe_events_cat","embeddable":true,"href":"https:\/\/popfb.org\/es\/wp-json\/wp\/v2\/tribe_events_cat?post=20247"}],"curies":[{"name":"wp","href":"https:\/\/api.w.org\/{rel}","templated":true}]}}

El Siglo Cristiano de Japón y sus Mártires

<p><strong>• Jueves, 28 de mayo<br />
</strong><strong>• 7pm-8:30pm<br />
</strong><strong>• Inglés</strong></p>
<p>El 15 de agosto de 1549, San Francisco Javier y un grupo de misioneros llegaron a Kagoshima, Japón, con el propósito de anunciar el Evangelio. Durante los siguientes 65 años, el número de conversiones superó las 300,000 personas, convirtiendo a Japón en la joya de los esfuerzos misioneros en Oriente. Sin embargo, en 1614, el cristianismo fue prohibido. En menos de 30 años, la fe pasó a la clandestinidad y los cristianos enfrentaron dos opciones: apostatar o morir.   </p>
<p>Acompáñenos a conocer la historia del Siglo Cristiano de Japón, mientras Walt Mussell, autor de ficción histórica y apasionado de la historia japonesa, comparte la historia de estos mártires católicos poco conocidos y cómo Japón llegó a convertirse en un lugar tan prohibido como el Jardín del Edén.</p>
<p>La presentación surge de la investigación realizada por Walt para sus novelas, y también estará disponible para responder preguntas sobre historia católica relacionadas con <em>Shōgun</em> y <em>Silence</em>.</p>
<p>Para preguntas, comuníquese con Suzanne Coughlin al 678-960-0056 o por correo electrónico a suzanne@popfb.org</p>

<p>• Jueves, 28 de mayo • 7pm-8:30pm • Inglés El 15 de agosto de 1549, San Francisco Javier y un grupo de misioneros llegaron a Kagoshima, Japón, con el propósito [&hellip;]</p>
